. Give n(q).
0
Let v(f) be the third derivative of 0 - 1/120*f**6 + 5/3*f**3 + 1/10*f**5 + 5/24*f**4 + 0*f + 8*f**2. Calculate v(7).
-4
Let n(f) = 5*f - 4. Let o be (0 - 4 - (-3 - -9))/2. Give n(o).
-29
Let o(g) = g**3 - 3*g**2 - 2*g + 1. Let h(d) be the third derivative of d**5/60 - d**4/24 - d**3/2 - 3*d**2. Let a be h(3). Suppose -a = -3*r + 6. Give o(r).
-5
Let r = -14 - -22. Let t = 10 - r. Let w(q) = 2*q**3 - 2*q**2 - 2*q. What is w(t)?
4
Let c(p) = -4*p**2 - p - 5. Let z(t) = -5*t**2 - t - 6. Let u(g) = -6*c(g) + 5*z(g). Suppose 4*v = -3 - 5. Let w = 1 + v. Give u(w).
-2
Suppose -20 = 4*i - 0*g + 4*g, 0 = -5*i + 4*g - 34. Let f(v) = -v**2 - 7*v + 5. Calculate f(i).
11
Let i(z) = 476 - z + z**3 - 236 - 237 - 5*z**2. What is i(5)?
-2
Let o(d) = 5*d**2 - d + 1. Let s = -3 - -1. Let m be (-1 - 1 - -2)/s. Suppose 2*y + m*y = 2. Calculate o(y).
5
Suppose 4*k + 2 = g + 1, -2*k = 0. Let l(w) = -w + 1. Determine l(g).
0
Let u(a) be the second derivative of a**6/720 - a**5/15 + a**4/12 - a. Let w(p) be the third derivative of u(p). What is w(6)?
-2
Let v(u) = 4*u**3 - u**2 - u. Let l be (28/42)/(4/(-6)). Determine v(l).
-4
Let b be 4/(-14) + (-4)/(-14). Let l(r) = r**2 - r - 1. Let z(f) = 7*f**2 - 6*f - 12. Let o(k) = 6*l(k) - z(k). What is o(b)?
6
Let g(f) be the first derivative of -4*f**2 + f + 1. Give g(-1).
9
Suppose o + 16 = -3*o, q - 5*o = 9. Let a(u) = u**3 + 11*u**2 + 2*u + 9. What is a(q)?
-13
Suppose 24 = 5*f - 26. Let y be 4/6*15/f. Let l(s) = s**3 - 2*s**2 + s. What is l(y)?
0
Let n(i) = -i**2 + 3*i + 1. Let x be (-6)/(-4)*(-56)/(-21). What is n(x)?
-3
Let p(j) = 6*j**2 - 18 + 9 - 65*j**3 - 2*j + 66*j**3. Calculate p(-6).
3
Let q be (-3 + -3)/(-3) - -3. Suppose 7*y - q*y = 2. Let r(v) = -8*v + 1. Give r(y).
-7
Let j(m) = -m - 3. Suppose 4*t - 10 = -t. Let q be t/(2/(-3)) - 3. Calculate j(q).
3
Let y(q) be the first derivative of -q**2/2 + 8*q - 4. Let w be y(7). Suppose 3 + w = 2*l. Let m(k) = 2*k**2 - k - 1. Calculate m(l).
5
Let o(m) = -3*m**2 + 69*m - 69*m. Let u be (8/(-12))/((-4)/6). Calculate o(u).
-3
Let w(h) = -3*h**3 + 5*h**2 + h**3 + h**3 - 2 + 7*h. Let p be w(6). Suppose p*d + 8 = 6*d. Let o(s) = s - 2. Determine o(d).
2
Let q(d) = -4 + 0*d**2 + d**2 - 3*d + 0. Let l be ((-15)/9)/(2/(-12)). Suppose -l = -2*r - 0*r. Calculate q(r).
6
Suppose 0 = -3*y + 3 + 15. Let b(a) = a**3 - 5*a**2 - 6*a + 1. Calculate b(y).
1
Suppose 5*i = -s + 6, -4*s + 2*i - 3*i - 33 = 0. Let x = 4 + s. Let v(j) = j**3 + 6*j**2 + 4*j - 6. Calculate v(x).
-1
Let g(q) = -3*q - 4. Let m(b) = 7*b + 9. Let i(x) = 5*g(x) + 2*m(x). Let f(z) = z - 1. Let h be f(4). Let j = h - 6. Give i(j).
1
Let p(g) = 2*g - 9*g + 51 - 58 - g**2. Calculate p(-5).
3
Let i(q) be the third derivative of -1/6*q**3 - 1/24*q**4 + 0*q - 3*q**2 + 0. Give i(3).
-4
Let j(d) = d - 1. Let g be j(9). Suppose 0 = 3*y - 7*y + g. Let n(t) = t**y + 3*t + t**3 - 2 + t**2 - 6*t. Give n(-3).
-2
Suppose -u + 2 = -1, 4*u = k + 18. Let q(j) be the first derivative of j**4/4 + 5*j**3/3 - 7*j**2/2 + j - 2. Determine q(k).
7
Let k(z) = 3*z + 6. Suppose -8 = p - 3*y - 2, 3 = 3*p - 2*y. Suppose -4*q + 12 - 4 = 0. Suppose p*r - 3*d = -6, -3*r + 2*r - 8 = q*d. Calculate k(r).
-6
Suppose 20 = -4*o, 3*z + o + 2*o = -51. Let u = z + 12. Let x(h) be the third derivative of h**4/24 + 2*h**3/3 - h**2. Give x(u).
4
Let u(x) = x**3 - 10*x**2 + 10*x - 12. Let m be 6/(-12)*-3*6. What is u(m)?
-3
Let k(t) be the second derivative of -t**6/720 - t**5/24 - t**4/12 + 3*t. Let i(y) be the third derivative of k(y). Determine i(-5).
0
Let j(g) be the first derivative of 2*g**3/3 + g**2 - 2*g - 108. Let w = 0 - 0. Suppose -10 = 5*t - w*t. Determine j(t).
2
Let j(n) = 2*n. Let c be ((-5)/10)/(2/(-8)). Give j(c).
4
Let d(l) be the first derivative of -3*l**2/2 + 4*l + 5. Calculate d(-3).
13
Let f(z) = z - 4. Let d be f(3). Let y = 5 - 1. Let b(x) = 3*x - 1 - 6*x + y*x. Determine b(d).
-2
Let j(s) = 4*s**3 + 9*s - 3*s**3 + 8*s**2 + 10 + 0*s. Let c be j(-7). Let o(w) = 3*w + 4. Determine o(c).
-8
Let c(k) = k - 2. Suppose i + 10 = 3*i. Give c(i).
3
Let g(p) = 6. Let x(k) = -1. Let d(s) = -2*g(s) - 11*x(s). Let r(h) = 4*h + 4. Let z(f) = 3*d(f) + r(f). Let y(i) = i**2 + i - 1. Let q be y(0). Give z(q).
-3
Let r(m) = m**3 - 2*m**2 + 1. Let g(t) = -11*t**2 + 3. Let s = 5 + 3. Let a(o) = -7*o**2 + 2. Let u(v) = s*a(v) - 5*g(v). Let x(h) = -r(h) + u(h). Give x(0).
0
Let t = -112 - -109. Let b(d) = 4 + 3*d - 2*d + 2. Calculate b(t).
3
Let r(l) = -4*l + 7. Suppose -m = -0*m - 5. Give r(m).
-13
Let a(o) be the third derivative of -1/60*o**5 + 0 - 2*o**2 + 0*o - 5/6*o**3 + 1/4*o**4. Give a(5).
0
Let b(a) = a + 10. Let o be (-341)/33 + 2*(-2)/(-12). Calculate b(o).
0
Let t = 2 - 0. Let i(q) = -2*q + 3*q**2 + 0*q**t - 2*q**2 + 0*q**2. What is i(2)?
0
Let p(h) be the first derivative of h**2/2 - 2*h + 18. Give p(4).
2
Let p(z) be the third derivative of -z**4/12 - 2*z**3/3 - 19*z**2. Calculate p(-3).
2
Suppose 2*f - 3*x = -x - 14, 4*f = -x - 3. Let d(r) be the third derivative of r**6/120 + r**5/60 - r**4/8 - r**3/6 + r**2. Calculate d(f).
1
Suppose 5*j - j + 4 = 0. Let l(t) = -13*t**2 + t. Calculate l(j).
-14
Let x(v) = -v**2 + 3*v. Let k(p) = -p - 10. Let i be k(-4). Let f(t) = -t - 2. Let s be f(i). Give x(s).
-4
Let z be 12/9 + (-2)/6. Let p(y) = 9*y**2 - 3*y + 9 - 2 + 0 + 11*y**3 + 8*y. Let v(m) = -5*m**3 - 4*m**2 - 2*m - 3. Let x(u) = -3*p(u) - 7*v(u). What is x(z)?
2
Let h be ((-2)/3)/(5/(-15)). Let d(g) = 4*g**2 + 1 - 3*g**h + 0*g**2. What is d(-3)?
10
Let l(j) = -j**2 - j - 3. Let w be (0 + 2/(-3))*12. Let u be (w - -8)/((-2)/(-2)). Calculate l(u).
-3
Let d(k) be the second derivative of k**5/20 - k**3/6 + 4*k**2 - 2*k - 2. Calculate d(0).
8
Let g(y) = 2*y - 6. Let o(s) = s**2 - 8*s - 8. Let k be o(7). Let u = 22 + k. Determine g(u).
8
Let c = 7 + -11. Let w = -5 + 8. Let f(u) = 3*u - u + 4 - w*u. What is f(c)?
8
Suppose 71 = -0*j + 2*j - r, -5*r - 5 = 0. Suppose 2*c - j = 7*c + 5*o, -5*c + 5*o + 5 = 0. Let w(f) = -2*f**2 - 3*f + 1. Calculate w(c).
-8
Suppose 0 = -5*d - 5 - 0. Let b(f) = -3*f - 1. Let o be b(d). Let t(k) = k**2 - k - 1. Calculate t(o).
1
Let r(c) be the second derivative of 1/6*c**3 + 0 + 1/6*c**4 + 0*c**2 - 7*c - 3/10*c**5. Give r(-1).
7
Suppose -4 = -3*l + 2. Let d(x) = x + 117 - 117 - l*x**2. Calculate d(2).
-6
Let a = -212 - -149. Let m be 90/a - (-3)/7. Let d(w) = w + 1. Let j(s) = 4*s + 1. Let r(g) = 2*d(g) - j(g). Determine r(m).
3
Let o(v) = v**2 - 6*v - 38. Let r be o(10). Let i(t) = 7*t**2 - 4*t - 2. Let p(y) = -10*y**2 + 6*y + 3. Let a(z) = -7*i(z) - 5*p(z). What is a(r)?
-1
Let z(r) = -r**3 - 2*r**2 + 4*r + 3. Let s(v) = 2*v**3 + 3*v**2 - 8*v - 5. Let h(u) = -3*s(u) - 5*z(u). Calculate h(3).
-6
Let o(f) = 4. Let b(k) = -k + 7. Let r(j) = 4*b(j) - 7*o(j). Calculate r(1).
-4
Let z(h) = -2*h - h**2 + 5*h - 2*h + 2*h**3 - h**3. Suppose 0 = 25*r - 20*r. Give z(r).
0
Suppose -2 = 2*h - 3*o, 32 = 4*h + 3*o - 0*o. Suppose 4*n - 5*f + 37 = -4, -h*n - 4*f = 0. Let s(k) = -k + 3. Give s(n).
7
Let v be 3/(44/(-8) + 4). Let x(l) = 4*l**3 + 2*l**2 - 8*l + 7. Let s(f) = 2*f**3 + f**2 - 4*f + 3. Let i(p) = -13*s(p) + 6*x(p). Give i(v).
7
Let u(h) = -2*h + 11. Let g(n) = -2*n + 12. Let o(i) = 4*g(i) - 5*u(i). Let b(d) = -d**3 + 5*d**2 - 6*d + 3. Let z be b(4). Give o(z).
-17
Let b(p) be the first derivative of -1/90*p**6 + 2 + 0*p**2 + 0*p + 0*p**4 - 2/3*p**3 + 0*p**5. Let x(d) be the third derivative of b(d). What is x(1)?
-4
Let g(k) = k - 5. Suppose -6*d + 13 = -41. Determine g(d).
4
Let i(a) = -3*a**2 - 1 + 4*a**2 - 2*a - 4*a**2. Determine i(-2).
-9
Let t(f) = -f - 1. Let m be t(5). Suppose 21 = 3*p + 3*d, 3*p = 4*p - 2*d - 10. Let r = m + p. Let j(w) = w**2 + 2*w - 3. Calculate j(r).
5
Let n(t) be the second derivative of 0 + t + 0*t**2 - 1/6*t**3. Let d(q) = -q**3 - 6*q**2 + 14*q - 16. Let i be d(-8). Determine n(i).
0
Let s(y) = 2*y + 6*y - 2*y - 3*y**2 + 4*y**2 - 8. Determine s(-6).
-8
Let g(n) be the third derivative of 1/120*n**6 - 1/30*n**5 + 0*n + 0 + 1/2*n**3 + 2*n**2 - 1/8*n**4. Calculate g(2).
-3
Suppose 0*v + 33 = -5*v + 2*m, 2*m + 7 = -3*v. Let o(c) be the first derivative of -c**3/3 - 2*c**2 + 3*c + 1. Give o(v).
-2
Let w be (-2 + 5 + 2)*-32. Let p be w/72 - 2/(-9). Let g(t) = t**3 + 3*t**2 + 2